- 10 = 0. What are the prime factors of d?
2
What are the prime factors of 0 + 1 - (8 - 40)?
3, 11
Let s = -6 - -6. Suppose -5*u + 5 = 0, s = -4*o - 3*u - 4 + 83. What are the prime factors of o?
19
Suppose 0*o = -2*o + 368. What are the prime factors of o?
2, 23
Let p = 10 - 13. List the prime factors of -4*3/(p/2).
2
Let p = 15 + -3. Suppose o - 2*o + 4*m = -24, o - 23 = 3*m. Let l = o - p. List the prime factors of l.
2
Suppose -7*a = -3*a. Let t(w) = -17*w - 1. Let y be t(-1). Suppose a = n + n - y. What are the prime factors of n?
2
Let x = 7 + -5. List the prime factors of x.
2
Suppose 1 = 3*g + 10. Let b be (-6)/(-2) - (g + 4). Suppose -z + b = -0*z. What are the prime factors of z?
2
What are the prime factors of 136/6*-18*3/(-12)?
2, 3, 17
Let c = 2 - -3. Suppose 4*l + 1 = c*l. List the prime factors of 50/15 + l/(-3).
3
Let b(m) = 0*m**2 + 2*m - m + m**2 + 5 + 4*m**2. List the prime factors of b(-3).
47
Suppose -2*t + 96 = -5*x, 4 - 1 = t. Let j = x + 26. List the prime factors of j.
2
Let n(w) = 2*w**3 - 6*w**2 - 7*w + 5. What are the prime factors of n(4)?
3
Let v(x) = -x**2 + 4*x - 4. Let b be v(4). Let s = b + 10. Let z(g) = g**2 - 5*g + 4. What are the prime factors of z(s)?
2, 5
Let v = 1 + 36. List the prime factors of v.
37
Suppose 0 = t + 1 - 3, -2*t = -5*l - 24. Let f be (6/5)/(l/(-10)). Suppose -19 = -3*h + 4*b, -f*h - 3*b - b + 35 = 0. List the prime factors of h.
3
What are the prime factors of 144 + -5 + (-1 - -1)?
139
What are the prime factors of (0 + (0 - -5)*-19)*-1?
5, 19
Suppose -h = 3*b - 10 - 12, -2*b - 44 = -2*h. What are the prime factors of h*1/(-6)*-9?
3, 11
Suppose -39 = -5*z + 1. Suppose 20 = 5*j - 4*q - 0*q, 2*j - 3*q - z = 0. Suppose -j = -b - 0*b. What are the prime factors of b?
2
Let i = 9 + 24. What are the prime factors of i?
3, 11
What are the prime factors of (-7 - 43)/(3/(9/(-2)))?
3, 5
Let x(y) = -y**2 + 8*y - 9. Suppose 0 = -4*s - 3*p + 26, -4*s = 4*p - 0*p - 24. Let l be x(s). Let f = l + 17. List the prime factors of f.
2
Let l be 1 - (0 + -1)/1. Suppose -l*n - n - 6 = 0. List the prime factors of n/(-7) + 36/21.
2
Let y = 100 - 14. List the prime factors of y.
2, 43
Let i = 70 + -30. What are the prime factors of i?
2, 5
Suppose 2*o + 9 = -o. Let a(r) = -2*r + 3*r**2 - 4 + 5*r**2 + r**3 - 4*r**2. What are the prime factors of a(o)?
11
Let m(s) be the third derivative of s**6/120 + 7*s**5/60 - s**4/6 - 3*s**3/2 - 2*s**2. List the prime factors of m(-7).
19
List the prime factors of (-1)/1 - -3 - (-55 + -2).
59
List the prime factors of (21/14)/(3/118).
59
Suppose 4*w - 5*d = 19 + 22, 0 = 5*w + 4*d. Suppose k - h = 3, -k - h + 2 = -5. Suppose -4*r + w = k*x - 9, -5*x = -2*r - 1. What are the prime factors of r?
2
Suppose -4 = -m - 1. Suppose 5*l - 2 = -m*u - 0, -5*l = 2*u - 3. Suppose -9 = -d - l. List the prime factors of d.
2
Suppose -4*d - 13 = d + 2*t, 0 = 5*d + 3*t + 17. Let j(p) = -14*p**3 + 2*p**2 + 2*p + 1. What are the prime factors of j(d)?
3, 5
Suppose 0*r - 3*r - 54 = 0. Let q = -11 - r. What are the prime factors of q?
7
Suppose 4 = -4*y, 5*y = -2*c - 0*y - 1. Suppose -156 = c*o - 6*o. List the prime factors of o.
3, 13
Let t(g) = -4*g - 11. Suppose 0 = 4*v - 3*c + 43, -4*c = 2*v + c + 15. List the prime factors of t(v).
29
Suppose -2*u + 25 = 3*u. Suppose -u*j = -3 - 32. What are the prime factors of j?
7
Let i(b) be the second derivative of b**5/20 + b**4/2 - b**3/3 + b**2/2 - b. List the prime factors of i(-6).
13
Suppose t - 3*s - 70 = -t, 3*t + s - 83 = 0. List the prime factors of t.
29
Let h(u) = u**3 - 6*u**2 + 5*u - 6. Let i be h(5). Let c be 20/i + 10/(-15). Let g = 4 - c. List the prime factors of g.
2
Suppose m - 3 = -1. Let z be m/(4/6) + 2. Suppose 0*s = z*s - 25. List the prime factors of s.
5
Let g = 272 + -186. What are the prime factors of g?
2, 43
Suppose 0*k - 3*k + 25 = -a, 4 = 2*a. Let p be 2/((-1)/(-3) + -1). What are the prime factors of k - (5 + (-5 - p))?
2, 3
Let d(g) be the third derivative of g**4/24 + 7*g**3/6 - 2*g**2. Let r be d(-5). Suppose -2*z = r*z - 28. What are the prime factors of z?
7
Let y(h) = 8*h**2 + 1. What are the prime factors of y(1)?
3
Let c = -45 - -108. Suppose 0 = 3*f - 30 - c. List the prime factors of f.
31
Let n = 62 + 1. What are the prime factors of n?
3, 7
What are the prime factors of 22/1 - (3 - 2)?
3, 7
Suppose 5*d - 197 = 48. What are the prime factors of d?
7
Let k(g) be the third derivative of -g**4/24 + 19*g**3/6 - 3*g**2. List the prime factors of k(0).
19
Let z = -36 - -1. List the prime factors of 1 - (1 + z + 1).
2, 17
Let w = 3 - 6. Let u be (-1)/((-1)/w)*-6. Suppose 12 = 4*p + y, 5*p - 4*y - u = 18. What are the prime factors of p?
2
Let c(a) = -a**2 + 9*a + 2. What are the prime factors of c(3)?
2, 5
Let c(z) = 3*z - z**2 - 2*z - 4*z + 3. Let d be c(-3). Suppose 3*g - d*x = 6, 0*g - 3 = -4*g + 5*x. List the prime factors of g.
7
Suppose 3*m = m + 106. Suppose 3*g + 5*d = m, -4*d = 2*g - 6*g + 60. Suppose 2*p - 4*z - g = 0, -4*p - 4*z + 10 = -10. What are the prime factors of p?
2, 3
Let p(u) = u**2 + 3*u + 11. List the prime factors of p(-7).
3, 13
Let h = -50 + 88. Suppose -2*z + h = -z. List the prime factors of z.
2, 19
What are the prime factors of 151 - 7*2/7?
149
Let m(g) = -g**3 + 6*g**2 + 2*g - 4. Let t be m(6). Suppose 3*h + 90 = t*h. List the prime factors of h.
2, 3
Let k be 0/(0 + 2 + 0). Let o be (-20 + k)/(3 - 4). Suppose w = -w + o. What are the prime factors of w?
2, 5
Let r(n) be the first derivative of -n**3/3 + 2*n**2 - 2. List the prime factors of r(2).
2
Let h(f) = f**2 + f + 4. Let w be h(0). Suppose 5*v = w*t + 116, t - 121 = -4*v - v. List the prime factors of v.
2, 3
Let j = -133 + 306. What are the prime factors of j?
173
Let g = -125 - -251. List the prime factors of g.
2, 3, 7
Let l = -17 - -20. What are the prime factors of l?
3
Let i be 5*(3 - 2) - -3. Suppose -i - 16 = -3*a. List the prime factors of a.
2
Suppose 9*d - 4*g = 7*d + 106, 12 = -3*g. List the prime factors of d.
3, 5
List the prime factors of (-10)/(-45)*-3*-102.
2, 17
Let w = 135 + -73. List the prime factors of w.
2, 31
Suppose -12*w + 3740 = 956. What are the prime factors of w?
2, 29
Let f(d) = -d + 5. Let v = -14 - -10. List the prime factors of f(v).
3
Suppose 2 + 0 = -h. Let k be ((-2)/(-1))/(h/(-9)). Suppose 2*b - 3*b + k = 0. List the prime factors of b.
3
Let v = 4 - 15. Let p(n) = -n + 16. What are the prime factors of p(v)?
3
Suppose 66 = 3*o - 3*r, -2*o = 2*r - r - 47. Suppose 2*y + 5*v = o, -v + 1 = -y + 2. Suppose y*i + 0 - 24 = 0. What are the prime factors of i?
2, 3
What are the prime factors of -24*10*1/(-3)?
2, 5
Let w = -328 - -468. What are the prime factors of w?
2, 5, 7
Suppose 3*j - h = 71, -7*h + 107 = 5*j - 3*h. Let b = -12 - -33. Suppose 0*r + b = 5*r - 4*n, 0 = 5*r - 2*n - j. What are the prime factors of r?
5
Suppose -h = h - 6. Let o(b) = 2*b**3 + 6*b**2 - 5*b. Let j(u) = 5*u**3 + 13*u**2 - 11*u + 1. Let a(s) = 3*j(s) - 7*o(s). List the prime factors of a(h).
3
Let i = 1 + -4. Let a(s) = s + 8. Let y(x) = 4. Let u(m) = -4*a(m) + 7*y(m). What are the prime factors of u(i)?
2
Suppose 5*z = -7 - 3. Let q(n) = -2*n**3 - 4*n**2 - 3*n. Let v be q(z). Let u(r) = -r**3 + 5*r**2 + 9*r - 2. What are the prime factors of u(v)?
2
Let m be 5 - 1/(-2)*-4. Let i = m - 2. What are the prime factors of 3/(i + (-3)/(-6))?
2
Suppose w + 1 = 5, -51 = -d - w. What are the prime factors of d?
47
Let l = 0 - -2. Suppose 2*i - 50 = -l*w, 5*w + i - 2*i - 125 = 0. List the prime factors of w.
5
Suppose 0 = 3*y + n - 5, 3*y + 5*n - 1 = -0*y. Suppose 2*h - 6*h = -16. Suppose -y*z - h = -24. What are the prime factors of z?
2, 5
Suppose 6 - 66 = 5*u + b, -3*u - 36 = -3*b. Let w = u - -18. Let v(n) = 2*n - 7. What are the prime factors of v(w)?
5
Let r(g) = -g**3 + 10*g**2 - 13. Let v be r(10). Let f(o) = o - 7. Let q be f(0). Let c = q - v. List the prime factors of c.
2, 3
Suppose 2*h - 32 = -4*f, 16 = 4*h - 4*f - 48. List the prime factors of h.
2
Let d be (-214)/1*(-2)/4. Let w = -63 + d. Suppose -2*g + 6*g = w. What are the prime factors of g?
11
Suppose 4*f - 144 = f. What are the prime factors of f?
2, 3
Let y = 131 + -94. List the prime factors of y.
37
Let c(m) = m**3 + 9*m**2 + 3*m - 3. List the prime